by p.
10
Suppose -24 = -2*y + 3*d, 54 - 2 = 4*y - 5*d. Calculate the remainder when 71 is divided by y.
17
Suppose 14*m - 16*m + 50 = 0. What is the remainder when m is divided by 15?
10
Let v(q) = q**2 + 6*q - 35. Calculate the remainder when v(-11) is divided by 12.
8
Let g = -123 - -227. Calculate the remainder when g is divided by 15.
14
Suppose f + f - 68 = 0. What is the remainder when f is divided by 1*-3 + (-90)/(-6)?
10
What is the remainder when 1080/56 + (-4)/14 is divided by 5?
4
Let k = 8 - 11. Suppose 18 = 2*v - 5*v. Let r = k - v. Calculate the remainder when 8 is divided by r.
2
Suppose a - 1 - 9 = 0. What is the remainder when 22 is divided by a?
2
Let k(h) = h**3 - 9*h**2 - h + 10. Let j be k(9). What is the remainder when 3 is divided by j - (1 - (-2 - -4))?
1
Suppose 0 = -2*c - n + 6*n + 67, -2*n - 82 = -2*c. Let x = -12 - -28. Calculate the remainder when c is divided by x.
14
Let d be (0 + 2 - 5)/(-1). Suppose d*z - 4*t - 36 = -7*t, -4*z = -5*t - 12. Let h = 13 - z. What is the remainder when h is divided by 2?
1
What is the remainder when (215/(-10))/(1/(-2)) is divided by 9?
7
Suppose 5*q - 206 = 234. What is the remainder when q is divided by 15/3 + ((-25)/1)/(-1)?
28
Suppose -2*z = 2*s - 0*z - 34, 2*s = -4*z + 36. Calculate the remainder when 31 is divided by s.
15
Suppose 2*t + 8 = -5*y, -y - y - 20 = -2*t. What is the remainder when t is divided by 2?
0
Let b be (2/(-3))/(6/(-9)). What is the remainder when 33 is divided by b/(2/36) + -1?
16
Let f(c) = 7*c - 4. Let x = -4 + 10. What is the remainder when f(x) is divided by 4*(364/(-16))/(-7)?
12
Suppose 2*s - 7*s = 4*c - 40, 37 = 3*c + 2*s. Calculate the remainder when 43 is divided by c.
13
Suppose -6*v + 31 = -227. What is the remainder when v is divided by 11?
10
Suppose 0 = -y + 5, 4*s = 5*y + 5 - 18. Suppose -5*u + 61 + 66 = 3*z, -5*z + s*u = -257. What is the remainder when z is divided by 13?
10
Suppose 14 = 5*n - 11. Suppose 17 + 7 = 2*f. Suppose -a - 3 = -f. What is the remainder when a is divided by n?
4
Let s = 33 - 57. Let c = 31 + s. What is the remainder when c is divided by 5?
2
Suppose 0 = -2*r - 4*s + 76, -188 = -4*r + 7*s - 3*s. Calculate the remainder when r is divided by 16.
12
Let o(n) = -15*n**3 - n**2 - 2*n - 1. What is the remainder when ((-236)/8)/(1/(-2)) is divided by o(-1)?
14
Suppose -c + 35 = p + 3*c, 2*c = 4. What is the remainder when p is divided by 10?
7
Suppose 2*b = 3*b - 19. Calculate the remainder when (-564)/(-10) + (-4)/10 is divided by b.
18
Suppose -3*j - w + 13 = 0, -5*j + w = 4*w - 15. What is the remainder when ((-4)/j)/(2/(-60)) is divided by 7?
6
Suppose -33 = -6*z + z - 2*j, 4*j - 10 = -2*z. Let c = z + -3. Suppose 4*r - p = 11, -1 = -4*r - c*p - 5. What is the remainder when 5 is divided by r?
1
Let p = -16 + 31. What is the remainder when 43 is divided by p?
13
Let j(k) = 2*k - 11. Let l be j(8). Let r(a) = a**3 - 6*a**2 + 7*a. Suppose s = -4*s + 90. What is the remainder when s is divided by r(l)?
8
Suppose 5*d = 3*d + 80. Suppose 0*q - 5*q + d = 0. Calculate the remainder when 30 is divided by q.
6
Suppose 4*q + 5*k + 17 = 0, -2*k = 2*q - 4*q + 14. Suppose -q*z - z = -12. Suppose -z*n = n - 20. Calculate the remainder when n is divided by 3.
1
Let o(y) = -12*y - 2. Let x(t) = -t**2 - 15*t - 38. Calculate the remainder when o(-2) is divided by x(-10).
10
Let g(d) be the third derivative of 1/3*d**4 - 1/120*d**6 + 7/60*d**5 + 5/3*d**3 - 3*d**2 + 0 + 0*d. Calculate the remainder when 18 is divided by g(8).
8
What is the remainder when 13 is divided by 7/((-5)/(-5))*(1 + 0)?
6
What is the remainder when 77 is divided by 144/(-6)*(-2)/3?
13
Suppose -5*n = -4 - 6. Suppose 0 = -n*q - 5 + 37. Calculate the remainder when q is divided by 2 + (-3)/((-3)/4).
4
Let u = 1 - 1. Let l(z) = z**3 + z**2 + z + 17. Suppose -o + 3*o = 66. What is the remainder when o is divided by l(u)?
16
Suppose 2*k + k - 96 = 0. Suppose 4*c = q + 13, -3*c + 0*c + 11 = -2*q. Suppose -c*b = -32 - 1. Calculate the remainder when k is divided by b.
10
Let v = -17 - -23. What is the remainder when 22 is divided by v?
4
Suppose -2*t - 10 = -7*t. Suppose 3*a = z + 28, -t*a - z + 49 = 2*a. What is the remainder when a is divided by 6?
5
Suppose 4*m + 35 - 15 = 0. Let r = m - -7. Suppose -d - r*b + 4*b = -4, 4*b + 2 = d. Calculate the remainder when d is divided by 4.
2
Suppose 2*q + 5*h = q + 23, 2*h - 8 = 0. Suppose -q*i = -3*j + 36, -1 = 4*j - 2*i - 43. Calculate the remainder when 25 is divided by j.
7
Suppose 11*y = 15*y - 4. Let m = y - -7. What is the remainder when 31 is divided by m?
7
Let i(m) = -m**3 - 6*m**2 + 4*m - 4. Let r = 2 - 9. What is the remainder when i(r) is divided by 9?
8
Let h(d) = 13*d - 2. Calculate the remainder when 94 is divided by h(2).
22
Calculate the remainder when 10/(-25) + 4/(-40)*-354 is divided by (0 - -1) + 12 + -1.
11
Let o = 8 - 3. Let l(m) = -m + 7. Let y be l(o). Suppose -y*n - 22 + 64 = 0. Calculate the remainder when n is divided by 6.
3
Suppose -2*i + i - 4*v = -16, 4*v = 4*i - 144. Calculate the remainder when i is divided by 7.
4
Suppose 4*p + 3*t + 2 = 0, p + 0*p = 5*t + 11. Calculate the remainder when 2 is divided by p.
0
Let f be (-2)/6*(0 - 21). Let i(n) = -6 - 4 + 2*n**2 - 3*n**2 + 18*n. What is the remainder when i(f) is divided by 23?
21
Let v be 1/2 + 10/4. Suppose 0 = -0*t + v*t - 105. What is the remainder when t is divided by 12?
11
Suppose 7*c - 108 = -31. Calculate the remainder when 42 is divided by c.
9
Let s(i) = 19*i - 2. Let t be s(2). Suppose -6 + t = 2*a. Suppose 0 = 2*g - 6*g + 116. Calculate the remainder when g is divided by a.
14
Suppose 2*m = -4*j + 92, 8*j + 168 = 3*m + 4*j. Calculate the remainder when m is divided by 18.
16
Suppose -7*f + 70 = -161. What is the remainder when 228 is divided by f?
30
Let s(a) = -5*a - 12. What is the remainder when 25 is divided by s(-5)?
12
Suppose -4*d = -4*p - 16, 3*d = 8*d + 2*p - 20. Suppose -48 = -d*k - 3*m, -2*k + 4*k - 3*m - 42 = 0. Calculate the remainder when 28 is divided by k.
13
What is the remainder when 40 is divided by (3 + -4)/(4/(-56))?
12
What is the remainder when 2/(-4)*(-1224)/6 is divided by 26?
24
Let g = -19 - -31. Suppose -3*l = -28 - 74. Calculate the remainder when l is divided by g.
10
Suppose 2*w = -5*n - 23, 4*w = -w - 2*n - 5. What is the remainder when 2 is divided by w?
0
Let q(f) = 2*f - 5. Let k be q(4). Suppose -n + z + 0 = -4, -2*n = k*z + 2. Suppose -n*t - 18 = -5*t. What is the remainder when 22 is divided by t?
4
What is the remainder when 80 is divided by (-2)/(-9) - (-1446)/54?
26
Suppose 4*v + 8*o - 150 = 3*o, -6 = -3*o. Calculate the remainder when 68 is divided by v.
33
Let l = 46 + -19. What is the remainder when 51 is divided by l?
24
Suppose 0*u + 45 = 3*u. Suppose -3*r + q = u, 7*r - 4*r = -q - 15. Let y = r - -28. Calculate the remainder when y is divided by 12.
11
Let g(b) = -1 + 5 + b + 4 - 3. Let j be g(0). Suppose j*h - 55 = -0*h. What is the remainder when 31 is divided by h?
9
Let g = -21 + 35. What is the remainder when 27 is divided by g?
13
Let a(s) = s**3 + 8*s**2 - 2*s - 9. Let f be a(-8). Suppose 3 = 2*b + f. Let w(q) = -q**3 + 2*q - 1. What is the remainder when 7 is divided by w(b)?
1
Let n be 29/2 - 1/(-2). Suppose 4*q = -l - q + n, 0 = -l - 3*q + 9. Suppose l*o + 138 = 3*o. What is the remainder when o is divided by 16?
14
Suppose -6*k + 25 = 5*q - k, -15 = -3*q - k. Let j = 13 - q. Calculate the remainder when 36 is divided by ((-38)/j)/(3/(-12)).
17
Suppose 0 = 2*k - 61 - 17. Calculate the remainder when k is divided by 9.
3
Suppose 49 = 5*k - 31. What is the remainder when 46 is divided by k?
14
What is the remainder when 35 is divided by (-3 + 41)*(-2)/(-4)?
16
Suppose -16 = -3*f + f. Let m = f + 5. Calculate the remainder when 38 is divided by m.
12
Let f(u) = -u**2 - 3*u + 9. Calculate the remainder when 14 is divided by f(-4).
4
Suppose -4*t - 87 = 73. Suppose 68 - 9 = x. What is the remainder when x is divided by 2*2/(-8)*t?
19
Suppose -7*z = -2*z. Suppose z = -y + 1 + 2. Suppose x - 4*t = -12, -18 = -5*t + 7. Calculate the remainder when x is divided by y.
2
Suppose 0 = -4*s - 4, 2*s + 3*s + 4 = -y. Calculate the remainder when (4 + -3)/1 - -29 is divided by -2 - (y - 